er?
False
Is 13119 a composite number?
True
Is 469747 prime?
True
Is 4055 composite?
True
Is 21007 a composite number?
True
Is 11197 a prime number?
True
Is 24659 a composite number?
False
Is 393443 composite?
True
Is 24065 prime?
False
Is 23753 prime?
True
Is 159737 a prime number?
True
Is 88106 composite?
True
Is 188049 a prime number?
False
Is 30341 a composite number?
False
Is 43079 composite?
True
Is 360589 composite?
False
Is 25691 composite?
True
Is 2897 a prime number?
True
Is 28901 composite?
False
Is 1765741 prime?
True
Is 1442717 composite?
False
Is 111697 composite?
False
Is 199867 a composite number?
True
Is 26321 a composite number?
False
Is 17291 composite?
False
Is 199787 composite?
True
Is 191426 prime?
False
Is 59257 composite?
True
Is 57439 composite?
True
Is 57637 prime?
True
Is 128147 prime?
True
Is 66769 composite?
True
Is 3389 prime?
True
Is 127079 prime?
True
Is 2099105 composite?
True
Is 107519 prime?
False
Is 827453 a composite number?
True
Is 175261 prime?
True
Is 9589 a prime number?
False
Is 7997 a prime number?
False
Is 1585 composite?
True
Is 13649 prime?
True
Is 1753 prime?
True
Is 34621 prime?
False
Is 76951 composite?
True
Is 188219 composite?
True
Is 42467 composite?
False
Is 7394 prime?
False
Is 31817 a prime number?
True
Is 62591 composite?
False
Is 55643 a prime number?
False
Is 453599 prime?
True
Is 34211 a prime number?
True
Is 10529 prime?
True
Is 141023 a composite number?
False
Is 194017 a composite number?
False
Is 16151 prime?
False
Is 412537 a composite number?
False
Is 27829 a composite number?
True
Is 95461 a prime number?
True
Is 2703399 prime?
False
Is 8923 a prime number?
True
Is 3305063 a prime number?
True
Is 10261 prime?
False
Is 249531 prime?
False
Is 4569 a prime number?
False
Is 29779 composite?
True
Is 8819 a composite number?
False
Is 73751 a prime number?
True
Is 571147 composite?
False
Is 22766 composite?
True
Is 78479 prime?
True
Is 2939 a composite number?
False
Is 4685 a composite number?
True
Is 2399131 a composite number?
True
Is 168979 prime?
False
Is 191 prime?
True
Is 557717 prime?
True
Is 22961 composite?
False
Is 41577 a composite number?
True
Is 4327 a composite number?
False
Is 39857 a prime number?
True
Is 120095 a prime number?
False
Is 10079 composite?
False
Is 26861 a composite number?
False
Is 787 a prime number?
True
Is 8641 prime?
True
Is 39647 prime?
False
Is 21343 prime?
False
Is 342715 prime?
False
Is 360779 a prime number?
True
Is 2921 prime?
False
Is 34187 composite?
True
Is 6711 composite?
True
Is 99647 prime?
False
Is 156763 composite?
True
Is 33545 a composite number?
True
Is 238061 prime?
False
Is 44581 a prime number?
False
Is 24027 prime?
False
Is 163067 composite?
True
Is 184397 prime?
False
Is 1861901 a prime number?
False
Is 2617 a prime number?
True
Is 35755 a prime number?
False
Is 501029 prime?
True
Is 198595 a composite number?
True
Is 2760445 a composite number?
True
Is 10687 a composite number?
False
Is 455783 a composite number?
False
Is 348547 a composite number?
False
Is 94687 prime?
True
Is 8513 prime?
True
Is 4621 prime?
True
Is 19571 composite?
False
Is 91909 a prime number?
True
Is 223871 a prime number?
False
Is 99523 prime?
True
Is 9527 a prime number?
False
Is 1397 a prime number?
False
Is 1103779 a prime number?
True
Is 11993 prime?
False
Is 132389 a composite number?
True
Is 514853 a prime number?
True
Is 40433 prime?
True
Is 3039 a prime number?
False
Is 9371 a composite number?
False
Is 31173 a prime number?
False
Is 4547 composite?
False
Is 9311 a prime number?
True
Is 11906 a composite number?
True
Is 71459 composite?
True
Is 627431 composite?
True
Is 165841 a composite number?
True
Is 25439 a composite number?
False
Is 14379 a composite number?
True
Is 1539101 a composite number?
True
Is 564323 a composite number?
False
Is 63179 prime?
True
Is 1949 a composite number?
False
Is 589669 prime?
False
Is 18089 a composite number?
False
Is 5951 a composite number?
True
Is 138617 a composite number?
False
Is 218957 a composite number?
True
Is 324491 prime?
True
Is 293635 composite?
True
Is 2449705 prime?
False
Is 106591 prime?
True
Is 194227 a prime number?
False
Is 5147 prime?
True
Is 3793 a prime number?
True
Is 2705 prime?
False
Is 155371 prime?
True
Is 8659 a composite number?
True
Is 8531 a prime number?
False
Is 30329 a composite number?
True
Is 1820123 composite?
False
Is 28961 a prime number?
True
Is 792761 prime?
False
Is 18947 prime?
True
Is 1817957 a prime number?
False
Is 626893 a prime number?
False
Is 101323 a composite number?
False
Is 4357 a composite number?
False
Is 1229 a composite number?
False
Is 488687 composite?
False
Is 373753 prime?
True
Is 4289 a prime number?
True
Is 787 prime?
True
Is 7231 prime?
False
Is 123853 composite?
False
Is 88373 prime?
False
Is 83299 composite?
False
Is 294887 a composite number?
False
Is 7858 prime?
False
Is 399263 a composite number?
False
Is 14909 prime?
False
Is 1187335 prime?
False
Is 147853 a prime number?
True
Is 3262835 composite?
True
Is 1276493 a composite number?
True
Is 921 a composite number?
True
Is 379 a prime number?
True
Is 59197 composite?
False
Is 2179 a prime number?
True
Is 165419 prime?
False
Is 10007 a prime number?
True
Is 1201933 a prime number?
False
Is 129167 prime?
False
Is 133649 a prime number?
True
Is 10847 a composite number?
False
Is 83783 composite?
True
Is 5809 a composite number?
True
Is 122179 a prime number?
False
Is 4337 a prime number?
True
Is 13043 composite?
False
Is 2371 prime?
True
Is 29777 a prime number?
False
Is 5482 composite?
True
Is 6709 a prime number?
True
Is 614 composite?
True
Is 509995 a composite number?
True
Is 63445 prime?
False
Is 12295 composite?
True
Is 232402 a composite number?
True
Is 113189 composite?
False
Is 324703 a composite number?
True
Is 1268413 composite?
False
Is 32127 a prime number?
False
Is 629 prime?
False
Is 2533 composite?
True
Is 160345 composite?
True
Is 3299 prime?
True
Is 8247 composite?
True
Is 174815 a composite number?
True
Is 79481 prime?
True
Is 27589 a composite number?
True
Is 106813 prime?
False
Is 52081 prime?
True
Is 905033 a prime number?
False
Is 139589 prime?
True
Is 32569 prime?
True
Is 225341 a composite number?
False
Is 211 a composite number?
False
Is 285745 a composite number?
True
Is 273503 a composite number?
False
Is 10973 composite?
False
Is 19661 prime?
True
Is 17653 a prime number?
False
Is 1171307 a composite number?
True
Is 19243 a composite number?
True
Is 3809639 a composite number?
False
Is 1097 composite?
False
Is 132537 prime?
False
Is 6201095 prime?
False
Is 62383 composite?
False
Is 12287 a prime number?
False
Is 234103 composite?
False
Is 207181 a composite number?
True
Is 27527 a prime number?
True
Is 1754 a prime number?
False
Is 261281 composite?
False
Is 1669 composite?
False
Is 515069 a prime number?
False
Is 12133 a composite number?
True
Is 6647395 a composite number?
True
Is 852233 a composite number?
False
Is 26099 a prime number?
True
Is 301091 composite?
True
Is 16729 composite?
False
Is 1973 composite?
False
Is 13859 a prime number?
True
Is 1882 prime?
False
Is 125299 prime?
True
Is 332987 composite?
False
Is 4083 a composite number?
True
Is 401899 prime?
False
Is 9491 prime?
True
Is 18087 composite?
True
Is 161831 a composite number?
False
Is 12251 a composite number?
False
Is 671767 composite?
True
Is 114539 a composite number?
True
Is 1771361 a prime number?
True
Is 10037 composite?
False
Is 136163 prime?
True
Is 438847 a prime number?
True
Is 142697 composite?
False
Is 14963 prime?
False
Is 14143 composite?
False
Is 42203 a prime number?
False
Is 48131 a prime number?
True
Is 628841 a composite number?
False
Is 3089 a composite number?
False
Is 113237 a composite number?
True
Is 29501 prime?
True
Is 11199 a composite number?
True
Is 183437 a composite number?
False
Is 1953857 a composite number?
False
Is 422621 composite?
False
Is 553 prime?
False
Is 87157 a prime number?
False
Is 655649 a composite number?
False
Is 6521 a prime number?
True
Is 66733 a prime number?
True
Is 391 a prime number?
False
Is 1766 composite?
True
Is 10499 a prime number?
True
Is 15397 prime?
False
Is 28319 composite?
False
Is 907 composite?
False
Is 618739 prime?
False
